{"id":187,"date":"2025-05-23T15:07:54","date_gmt":"2025-05-23T13:07:54","guid":{"rendered":"http:\/\/le-cercle-musical.bzh\/?page_id=187"},"modified":"2025-06-11T19:40:17","modified_gmt":"2025-06-11T17:40:17","slug":"a-propos","status":"publish","type":"page","link":"https:\/\/le-cercle-musical.bzh\/index.php\/a-propos\/","title":{"rendered":"\u00c0 propos"},"content":{"rendered":"\t\t<div data-elementor-type=\"wp-page\" data-elementor-id=\"187\" class=\"elementor elementor-187\">\n\t\t\t\t<div class=\"elementor-element elementor-element-ee6a8e3 e-flex e-con-boxed e-con e-parent\" data-id=\"ee6a8e3\" data-element_type=\"container\">\n\t\t\t\t\t<div class=\"e-con-inner\">\n\t\t\t\t<div class=\"elementor-element elementor-element-2b7582f elementor-widget elementor-widget-text-editor\" data-id=\"2b7582f\" data-element_type=\"widget\" data-widget_type=\"text-editor.default\">\n\t\t\t\t<div class=\"elementor-widget-container\">\n\t\t\t\t\t\t\t\t\t<p>Nouvelle association cr\u00e9\u00e9e en mai 2025, Le Cercle musical met \u00e0 la disposition des acteurs de la musique ou de la culture un local situ\u00e9 \u00e0 c\u00f4t\u00e9 du th\u00e9\u00e2tre Chateaubriand, 4 rue Grout-de-Saint-Georges, \u00e0 Saint-Malo intra-muros, qui peut servir de lieu de r\u00e9p\u00e9tition, de salle de concert&#8230;<\/p>\t\t\t\t\t\t\t\t<\/div>\n\t\t\t\t<\/div>\n\t\t\t\t\t<\/div>\n\t\t\t\t<\/div>\n\t\t\t\t<\/div>\n\t\t","protected":false},"excerpt":{"rendered":"<p>Nouvelle association cr\u00e9\u00e9e en mai 2025, Le Cercle musical met \u00e0 la disposition des acteurs de la musique ou de la culture un local situ\u00e9 \u00e0 c\u00f4t\u00e9 du th\u00e9\u00e2tre Chateaubriand, &hellip; <\/p>\n<p class=\"link-more\"><a href=\"https:\/\/le-cercle-musical.bzh\/index.php\/a-propos\/\" class=\"more-link\">Lire la suite de<span class=\"screen-reader-text\">\u00ab\u00a0\u00c0 propos\u00a0\u00bb<\/span><\/a><\/p>\n","protected":false},"author":1,"featured_media":0,"parent":0,"menu_order":0,"comment_status":"closed","ping_status":"closed","template":"","meta":{"inline_featured_image":false,"footnotes":""},"class_list":["post-187","page","type-page","status-publish","hentry"],"_links":{"self":[{"href":"https:\/\/le-cercle-musical.bzh\/index.php\/wp-json\/wp\/v2\/pages\/187","targetHints":{"allow":["GET"]}}],"collection":[{"href":"https:\/\/le-cercle-musical.bzh\/index.php\/wp-json\/wp\/v2\/pages"}],"about":[{"href":"https:\/\/le-cercle-musical.bzh\/index.php\/wp-json\/wp\/v2\/types\/page"}],"author":[{"embeddable":true,"href":"https:\/\/le-cercle-musical.bzh\/index.php\/wp-json\/wp\/v2\/users\/1"}],"replies":[{"embeddable":true,"href":"https:\/\/le-cercle-musical.bzh\/index.php\/wp-json\/wp\/v2\/comments?post=187"}],"version-history":[{"count":4,"href":"https:\/\/le-cercle-musical.bzh\/index.php\/wp-json\/wp\/v2\/pages\/187\/revisions"}],"predecessor-version":[{"id":226,"href":"https:\/\/le-cercle-musical.bzh\/index.php\/wp-json\/wp\/v2\/pages\/187\/revisions\/226"}],"wp:attachment":[{"href":"https:\/\/le-cercle-musical.bzh\/index.php\/wp-json\/wp\/v2\/media?parent=187"}],"curies":[{"name":"wp","href":"https:\/\/api.w.org\/{rel}","templated":true}]}}